{"id":475,"date":"2019-11-24T12:21:01","date_gmt":"2019-11-24T12:21:01","guid":{"rendered":"https:\/\/www.benjaminescalonilla.info\/gusto-novela\/?page_id=475"},"modified":"2019-12-12T07:36:40","modified_gmt":"2019-12-12T07:36:40","slug":"cibra","status":"publish","type":"page","link":"https:\/\/www.benjaminescalonilla.info\/gusto-novela\/cibra\/","title":{"rendered":"CIBRA"},"content":{"rendered":"\n<p>Presento \u00abEl juego del gusto\u00bb en el XI festival internacional del cine y la palabra CIBRA, el 16 de noviembre de 2019<\/p>\n\n\n\n<p>El un honor presentar una novela con tanto cine, en un festival de cine y palabra; m\u00e1s a\u00fan cuando en el festival Enrique Vila-Matas, presenta su \u00faltima novela \u00abEsta bruma insensata\u00bb, Baltasar Magro \u00abSiete calles hacia la vida\u00bb, Macarena Alonso, recita parte de su poemario \u00abCicatrices de esperanza\u00bb o se cuenta con la presencia de Jeff Kinney, autor de la colecci\u00f3n \u00abDiario de Greg\u00bb.<\/p>\n\n\n\n<p><a href=\"https:\/\/cibra.es\/\">Web oficial CIBRA<\/a><\/p>\n\n\n\n<figure class=\"wp-block-image\"><img loading=\"lazy\" decoding=\"async\" width=\"827\" height=\"553\" src=\"https:\/\/www.benjaminescalonilla.info\/gusto-novela\/wp-content\/uploads\/2019\/11\/cibra_00.jpg\" alt=\"benjam\u00edn Escalonilla presenta El juego del gusto\" class=\"wp-image-478\" srcset=\"https:\/\/www.benjaminescalonilla.info\/gusto-novela\/wp-content\/uploads\/2019\/11\/cibra_00.jpg 827w, https:\/\/www.benjaminescalonilla.info\/gusto-novela\/wp-content\/uploads\/2019\/11\/cibra_00-300x201.jpg 300w, https:\/\/www.benjaminescalonilla.info\/gusto-novela\/wp-content\/uploads\/2019\/11\/cibra_00-768x514.jpg 768w\" sizes=\"auto, (max-width: 827px) 85vw, 827px\" \/><\/figure>\n\n\n\n<figure class=\"wp-block-image\"><img loading=\"lazy\" decoding=\"async\" width=\"827\" height=\"553\" src=\"https:\/\/www.benjaminescalonilla.info\/gusto-novela\/wp-content\/uploads\/2019\/11\/cibra_01.jpg\" alt=\"CIBRA, festival de cine y palabra, lugar de presentaci\u00f3n de la novela El Juego del Gusto\" class=\"wp-image-479\" srcset=\"https:\/\/www.benjaminescalonilla.info\/gusto-novela\/wp-content\/uploads\/2019\/11\/cibra_01.jpg 827w, https:\/\/www.benjaminescalonilla.info\/gusto-novela\/wp-content\/uploads\/2019\/11\/cibra_01-300x201.jpg 300w, https:\/\/www.benjaminescalonilla.info\/gusto-novela\/wp-content\/uploads\/2019\/11\/cibra_01-768x514.jpg 768w\" sizes=\"auto, (max-width: 827px) 85vw, 827px\" \/><figcaption>\u00c1ngel Pinel, responsable del CIBRA, presentando el libro e Ismael Pinel, alcalde de La Puebla de Montalb\u00e1n.<\/figcaption><\/figure>\n\n\n\n<figure class=\"wp-block-image\"><img loading=\"lazy\" decoding=\"async\" width=\"827\" height=\"553\" src=\"https:\/\/www.benjaminescalonilla.info\/gusto-novela\/wp-content\/uploads\/2019\/11\/cibra_03.jpg\" alt=\"\" class=\"wp-image-480\" srcset=\"https:\/\/www.benjaminescalonilla.info\/gusto-novela\/wp-content\/uploads\/2019\/11\/cibra_03.jpg 827w, https:\/\/www.benjaminescalonilla.info\/gusto-novela\/wp-content\/uploads\/2019\/11\/cibra_03-300x201.jpg 300w, https:\/\/www.benjaminescalonilla.info\/gusto-novela\/wp-content\/uploads\/2019\/11\/cibra_03-768x514.jpg 768w\" sizes=\"auto, (max-width: 827px) 85vw, 827px\" \/><figcaption>Durante el juego del gusto fotogr\u00e1fico.<br>Gracias a todos por venir y participar.<\/figcaption><\/figure>\n\n\n\n<figure class=\"wp-block-image\"><img loading=\"lazy\" decoding=\"async\" width=\"827\" height=\"553\" src=\"https:\/\/www.benjaminescalonilla.info\/gusto-novela\/wp-content\/uploads\/2019\/11\/cibra_02.jpg\" alt=\"\" class=\"wp-image-485\" srcset=\"https:\/\/www.benjaminescalonilla.info\/gusto-novela\/wp-content\/uploads\/2019\/11\/cibra_02.jpg 827w, https:\/\/www.benjaminescalonilla.info\/gusto-novela\/wp-content\/uploads\/2019\/11\/cibra_02-300x201.jpg 300w, https:\/\/www.benjaminescalonilla.info\/gusto-novela\/wp-content\/uploads\/2019\/11\/cibra_02-768x514.jpg 768w\" sizes=\"auto, (max-width: 827px) 85vw, 827px\" \/><\/figure>\n\n\n\n<figure class=\"wp-block-embed-youtube wp-block-embed is-type-video is-provider-youtube wp-embed-aspect-16-9 wp-has-aspect-ratio\"><div class=\"wp-block-embed__wrapper\">\n<iframe loading=\"lazy\" title=\"Presentaci\u00f3n de El Juego del Gusto en el festival CIBRA\" width=\"840\" height=\"473\" src=\"https:\/\/www.youtube.com\/embed\/RdepkAzg2_w?feature=oembed\" frameborder=\"0\" allow=\"accelerometer; autoplay; encrypted-media; gyroscope; picture-in-picture\" allowfullscreen><\/iframe>\n<\/div><figcaption>Extracto<\/figcaption><\/figure>\n\n\n\n<figure class=\"wp-block-embed-youtube wp-block-embed is-type-video is-provider-youtube wp-embed-aspect-16-9 wp-has-aspect-ratio\"><div class=\"wp-block-embed__wrapper\">\n<iframe loading=\"lazy\" title=\"Presentaci\u00f3n de la novela El juego del gusto, de benjam\u00edn Escalonilla, en el festival CIBRA\" width=\"840\" height=\"473\" src=\"https:\/\/www.youtube.com\/embed\/-k-JcYkW2DA?feature=oembed\" frameborder=\"0\" allow=\"accelerometer; autoplay; encrypted-media; gyroscope; picture-in-picture\" allowfullscreen><\/iframe>\n<\/div><figcaption>Presentaci\u00f3n \u00edntegra.<\/figcaption><\/figure>\n\n\n\n<figure class=\"wp-block-image size-large\"><img loading=\"lazy\" decoding=\"async\" width=\"600\" height=\"731\" src=\"https:\/\/www.benjaminescalonilla.info\/gusto-novela\/wp-content\/uploads\/2019\/12\/twitter_CIBRA.jpg\" alt=\"\" class=\"wp-image-546\" srcset=\"https:\/\/www.benjaminescalonilla.info\/gusto-novela\/wp-content\/uploads\/2019\/12\/twitter_CIBRA.jpg 600w, https:\/\/www.benjaminescalonilla.info\/gusto-novela\/wp-content\/uploads\/2019\/12\/twitter_CIBRA-246x300.jpg 246w\" sizes=\"auto, (max-width: 600px) 85vw, 600px\" \/><\/figure>\n","protected":false},"excerpt":{"rendered":"<p>Presento \u00abEl juego del gusto\u00bb en el XI festival internacional del cine y la palabra CIBRA, el 16 de noviembre de 2019 El un honor presentar una novela con tanto cine, en un festival de cine y palabra; m\u00e1s a\u00fan cuando en el festival Enrique Vila-Matas, presenta su \u00faltima novela \u00abEsta bruma insensata\u00bb, Baltasar Magro &hellip; <a href=\"https:\/\/www.benjaminescalonilla.info\/gusto-novela\/cibra\/\" class=\"more-link\">Continuar leyendo<span class=\"screen-reader-text\"> \u00abCIBRA\u00bb<\/span><\/a><\/p>\n","protected":false},"author":1,"featured_media":0,"parent":0,"menu_order":0,"comment_status":"closed","ping_status":"closed","template":"","meta":{"footnotes":""},"class_list":["post-475","page","type-page","status-publish","hentry"],"_links":{"self":[{"href":"https:\/\/www.benjaminescalonilla.info\/gusto-novela\/wp-json\/wp\/v2\/pages\/475","targetHints":{"allow":["GET"]}}],"collection":[{"href":"https:\/\/www.benjaminescalonilla.info\/gusto-novela\/wp-json\/wp\/v2\/pages"}],"about":[{"href":"https:\/\/www.benjaminescalonilla.info\/gusto-novela\/wp-json\/wp\/v2\/types\/page"}],"author":[{"embeddable":true,"href":"https:\/\/www.benjaminescalonilla.info\/gusto-novela\/wp-json\/wp\/v2\/users\/1"}],"replies":[{"embeddable":true,"href":"https:\/\/www.benjaminescalonilla.info\/gusto-novela\/wp-json\/wp\/v2\/comments?post=475"}],"version-history":[{"count":8,"href":"https:\/\/www.benjaminescalonilla.info\/gusto-novela\/wp-json\/wp\/v2\/pages\/475\/revisions"}],"predecessor-version":[{"id":547,"href":"https:\/\/www.benjaminescalonilla.info\/gusto-novela\/wp-json\/wp\/v2\/pages\/475\/revisions\/547"}],"wp:attachment":[{"href":"https:\/\/www.benjaminescalonilla.info\/gusto-novela\/wp-json\/wp\/v2\/media?parent=475"}],"curies":[{"name":"wp","href":"https:\/\/api.w.org\/{rel}","templated":true}]}}

<p>Presento «El juego del gusto» en el XI festival internacional del cine y la palabra CIBRA, el 16 de noviembre de 2019</p>



<p>El un honor presentar una novela con tanto cine, en un festival de cine y palabra; más aún cuando en el festival Enrique Vila-Matas, presenta su última novela «Esta bruma insensata», Baltasar Magro «Siete calles hacia la vida», Macarena Alonso, recita parte de su poemario «Cicatrices de esperanza» o se cuenta con la presencia de Jeff Kinney, autor de la colección «Diario de Greg».</p>



<p><a href="https://cibra.es/">Web oficial CIBRA</a></p>



<figure class="wp-block-image"><img loading="lazy" decoding="async" width="827" height="553" src="https://www.benjaminescalonilla.info/gusto-novela/wp-content/uploads/2019/11/cibra_00.jpg" alt="benjamín Escalonilla presenta El juego del gusto" class="wp-image-478" srcset="https://www.benjaminescalonilla.info/gusto-novela/wp-content/uploads/2019/11/cibra_00.jpg 827w, https://www.benjaminescalonilla.info/gusto-novela/wp-content/uploads/2019/11/cibra_00-300x201.jpg 300w, https://www.benjaminescalonilla.info/gusto-novela/wp-content/uploads/2019/11/cibra_00-768x514.jpg 768w" sizes="auto, (max-width: 827px) 85vw, 827px" /></figure>



<figure class="wp-block-image"><img loading="lazy" decoding="async" width="827" height="553" src="https://www.benjaminescalonilla.info/gusto-novela/wp-content/uploads/2019/11/cibra_01.jpg" alt="CIBRA, festival de cine y palabra, lugar de presentación de la novela El Juego del Gusto" class="wp-image-479" srcset="https://www.benjaminescalonilla.info/gusto-novela/wp-content/uploads/2019/11/cibra_01.jpg 827w, https://www.benjaminescalonilla.info/gusto-novela/wp-content/uploads/2019/11/cibra_01-300x201.jpg 300w, https://www.benjaminescalonilla.info/gusto-novela/wp-content/uploads/2019/11/cibra_01-768x514.jpg 768w" sizes="auto, (max-width: 827px) 85vw, 827px" /><figcaption>Ángel Pinel, responsable del CIBRA, presentando el libro e Ismael Pinel, alcalde de La Puebla de Montalbán.</figcaption></figure>



<figure class="wp-block-image"><img loading="lazy" decoding="async" width="827" height="553" src="https://www.benjaminescalonilla.info/gusto-novela/wp-content/uploads/2019/11/cibra_03.jpg" alt="" class="wp-image-480" srcset="https://www.benjaminescalonilla.info/gusto-novela/wp-content/uploads/2019/11/cibra_03.jpg 827w, https://www.benjaminescalonilla.info/gusto-novela/wp-content/uploads/2019/11/cibra_03-300x201.jpg 300w, https://www.benjaminescalonilla.info/gusto-novela/wp-content/uploads/2019/11/cibra_03-768x514.jpg 768w" sizes="auto, (max-width: 827px) 85vw, 827px" /><figcaption>Durante el juego del gusto fotográfico.<br>Gracias a todos por venir y participar.</figcaption></figure>



<figure class="wp-block-image"><img loading="lazy" decoding="async" width="827" height="553" src="https://www.benjaminescalonilla.info/gusto-novela/wp-content/uploads/2019/11/cibra_02.jpg" alt="" class="wp-image-485" srcset="https://www.benjaminescalonilla.info/gusto-novela/wp-content/uploads/2019/11/cibra_02.jpg 827w, https://www.benjaminescalonilla.info/gusto-novela/wp-content/uploads/2019/11/cibra_02-300x201.jpg 300w, https://www.benjaminescalonilla.info/gusto-novela/wp-content/uploads/2019/11/cibra_02-768x514.jpg 768w" sizes="auto, (max-width: 827px) 85vw, 827px" /></figure>



<figure class="wp-block-embed-youtube wp-block-embed is-type-video is-provider-youtube wp-embed-aspect-16-9 wp-has-aspect-ratio"><div class="wp-block-embed__wrapper">
<iframe loading="lazy" title="Presentación de El Juego del Gusto en el festival CIBRA" width="840" height="473" src="https://www.youtube.com/embed/RdepkAzg2_w?feature=oembed" frameborder="0" allow="accelerometer; autoplay; encrypted-media; gyroscope; picture-in-picture" allowfullscreen></iframe>
</div><figcaption>Extracto</figcaption></figure>



<figure class="wp-block-embed-youtube wp-block-embed is-type-video is-provider-youtube wp-embed-aspect-16-9 wp-has-aspect-ratio"><div class="wp-block-embed__wrapper">
<iframe loading="lazy" title="Presentación de la novela El juego del gusto, de benjamín Escalonilla, en el festival CIBRA" width="840" height="473" src="https://www.youtube.com/embed/-k-JcYkW2DA?feature=oembed" frameborder="0" allow="accelerometer; autoplay; encrypted-media; gyroscope; picture-in-picture" allowfullscreen></iframe>
</div><figcaption>Presentación íntegra.</figcaption></figure>



<figure class="wp-block-image size-large"><img loading="lazy" decoding="async" width="600" height="731" src="https://www.benjaminescalonilla.info/gusto-novela/wp-content/uploads/2019/12/twitter_CIBRA.jpg" alt="" class="wp-image-546" srcset="https://www.benjaminescalonilla.info/gusto-novela/wp-content/uploads/2019/12/twitter_CIBRA.jpg 600w, https://www.benjaminescalonilla.info/gusto-novela/wp-content/uploads/2019/12/twitter_CIBRA-246x300.jpg 246w" sizes="auto, (max-width: 600px) 85vw, 600px" /></figure>

<p>Presento «El juego del gusto» en el XI festival internacional del cine y la palabra CIBRA, el 16 de noviembre de 2019 El un honor presentar una novela con tanto cine, en un festival de cine y palabra; más aún cuando en el festival Enrique Vila-Matas, presenta su última novela «Esta bruma insensata», Baltasar Magro &hellip; <a href="https://www.benjaminescalonilla.info/gusto-novela/cibra/" class="more-link">Continuar leyendo<span class="screen-reader-text"> «CIBRA»</span></a></p>
